et p(o) = -o + 6. Let k be p(11). Let t be 240/(25/k) - 4. Let w = t - -118. What is the units digit of w?
6
Let s be (7122/(-12))/(-1)*-2. Let v = -269 - s. Suppose v = 6*a - 60. What is the tens digit of a?
6
What is the tens digit of 16/48*42 - -1706?
2
Let g be (-99)/(-5) - (-4)/20. Suppose -g*m - 2 = -21*m. Suppose -a + 3*w + 82 = 0, m*w = -a - 3*a + 398. What is the tens digit of a?
9
Suppose -2*g = 29 - 35. Let c(k) = 176*k + 56. What is the tens digit of c(g)?
8
Let p(v) = 689*v**2 + 80*v + 364. What is the ten thousands digit of p(-5)?
1
What is the units digit of -5 + (62968 - (3 + 2)) + -6 + 7?
9
Suppose 5*p - 1 - 2 = -g, -6 = 3*p. Suppose 0 = x + 4*k - 14, 0 = -2*x - k + g - 6. Suppose -4*i + 5*i = -3*a + 58, -i + 37 = x*a. What is the units digit of a?
1
What is the units digit of (2049830/110 - (54/66 + -1)) + -1?
4
Suppose 0 = -30*z + 47*z + 25364. What is the tens digit of (z/(-6))/(44/66)?
7
Suppose -5*w + 3698 + 11007 = 0. What is the hundreds digit of w?
9
Let p be 148/28 + -5 - 8914/(-14). Suppose -3*k - 620 = p. Let z = -242 - k. What is the units digit of z?
7
Suppose -3*d - 3*q = -0*q - 24, 8 = 2*q. Suppose 3*f + 3*w - 852 = 0, 0 = 5*f + 3*w - d*w - 1390. What is the units digit of f?
9
Let n be -11*(-3 + -20) + -1. Suppose 8*a - n = 4*a. What is the tens digit of 4644/a + 2/7?
7
What is the thousands digit of ((-6384)/(-36))/(3/(-5 + 68))?
3
Let k(h) = -25*h**3 + 4*h**2 + 43*h + 222. What is the units digit of k(-7)?
2
Let d(w) = -9*w - 29. Let b be d(-8). Let q = 122 - b. What is the tens digit of q?
7
Suppose -3*t + 5*t + 24 = 0. Let l(d) = 12*d - 99. Let g(w) = -4*w + 33. Let h(o) = -11*g(o) - 4*l(o). What is the tens digit of h(t)?
8
Suppose 5*k + r + 2*r - 105 = 0, -2*k + 41 = r. Let v be ((-306)/(-8))/(k/240). Suppose 0 = -0*h - 5*h + v. What is the hundreds digit of h?
1
What is the hundreds digit of 2*(1 + (-16722)/(-4)) + (-28 - -20)?
3
Suppose 9*j + 15 = 5*j + 5*x, 0 = 3*j - 4*x + 12. What is the tens digit of (-1 + j)/(1*(-4)/2584)?
4
Let g = 383 - 645. Let u = g + 1554. What is the hundreds digit of u?
2
Let b = 56 - 54. Suppose 14 = 5*r + 3*u - 4*u, 16 = -b*r - 5*u. What is the hundreds digit of (-53)/r*(-2 - 4)?
1
Let o(w) = 18760*w - 770. Let g(j) = 73*j - 3. Let c(b) = -1540*g(b) + 6*o(b). Let m be (10/(-8) - -1) + 25/20. What is the tens digit of c(m)?
4
Let o(y) = -10 + 7*y - 7*y**2 + 13*y**3 + y**2 + 4*y - 14*y**3. Suppose 0 = -a - 4*l + 3, -4*a - 4*l - 24 = 0. What is the tens digit of o(a)?
3
Suppose -234 + 248 = 7*l. Suppose -833 = -l*j + 3*f - 124, 3*j - 1059 = 3*f. What is the tens digit of j?
5
Suppose -43*w = -57*w. Suppose w = -3*n - 3*f + 1137, 4*n + 1113 = 7*n - 3*f. What is the tens digit of n?
7
Suppose 0 = 2*x - 4*c + 8, 33*c = -x + 30*c + 6. What is the hundreds digit of 4 + 384 - (3 + x)?
3
Let v = 404 + -408. What is the tens digit of ((-920)/24)/(3/(18*v))?
2
Suppose -2*k = -4 - 4. Suppose -3 - k = h. What is the tens digit of (1 - -85) + h/(35/(-15))?
8
Let g(a) = -a**3 + 13*a**2 - 11*a - 9. Let s be g(12). Suppose 1 = -q + s*p, 0*p - 4*p = -5*q + 6. What is the hundreds digit of (28/112)/(q/2056)?
2
Suppose -35*q - 32*q + 201875 = -221967. What is the thousands digit of q?
6
Let m be -108*(-5 + 255/(-6)). Suppose 12*o + m = 18*o. What is the tens digit of o?
5
Suppose 22129 - 73661 = -7*i + 39384. What is the ten thousands digit of i?
1
Let k = 1571 - -1617. What is the hundreds digit of k?
1
Let w(f) = 26*f**2 + 25*f - 329. What is the units digit of w(18)?
5
Let r(p) = -54*p + 159. Suppose 0 = 3*z - 5*z + 4*f - 32, 0 = -f. What is the units digit of r(z)?
3
Suppose 2*l = 6*o - 9*o + 13, 2*o - 16 = -5*l. Suppose -o*d + b + 35 + 893 = 0, 3*b = -5*d + 1542. What is the tens digit of d?
0
Let g = -966 - -664. Let f = g - -549. Let s = f - 64. What is the units digit of s?
3
Let o = -92 - -152. Let p(m) = -m**2 + 42*m - 314. Let q be p(32). Suppose q*d - o = d. What is the units digit of d?
2
Suppose 179*f - 139567 = 1141178. What is the tens digit of f?
5
Suppose 2*n - 802 = -2*m, 21*n - 25*n = -4*m + 1564. What is the tens digit of m?
9
Let a(y) = -46*y + 32. Let t be a(-3). Let z = 636 - t. What is the units digit of z?
6
Let o(n) = -n**2 - 8*n + 35. Let s be o(3). Suppose -s*z = 2*v - 484, 1826 = 5*z + 4*v + 618. What is the tens digit of z?
4
Let m(s) = 2*s**2 + 7*s - 18. Suppose 0 = 2*i - 12 + 18, -b - 2*i - 15 = 0. What is the tens digit of m(b)?
8
Let s be (-1421)/(-28) + 2*1/8. Let r = 57 - s. Suppose r*t = q + 2*t - 56, 2*t + 244 = 5*q. What is the tens digit of q?
4
Suppose 110*h = 117*h - 115752. What is the units digit of h?
6
Suppose -5*q + 13*f = 12*f - 26297, 2*f = -4. Suppose 7*r + 849 = q. What is the tens digit of r?
3
Suppose -5*z - s = -3*s - 20, -2*z - s + 8 = 0. Suppose -2*h - z*r + 434 = 0, 3*h = -4*r + 80 + 573. What is the tens digit of h?
1
Let m(s) = s**3 + 4*s**2 + 2*s - 2. Let g be m(-2). Suppose 2*j = -d + 632, 0 = -d + g*j + 56 + 584. What is the tens digit of d?
3
Let s(w) = -w**3 - 2*w**2 - 41*w + 225. What is the hundreds digit of s(-21)?
4
Let r be 0 + (-12)/(-3)*1. Suppose r*n - 6*n = 5*c + 16, 5*n + 5 = 5*c. Let y = n + 17. What is the units digit of y?
4
Suppose c + 1 = n, 3*c = -2*n - c + 20. Let q be -4*(-5)/n + -30. What is the tens digit of (-2005)/q - (-2)/(-10)?
8
Suppose -5*n + 165178 = u, 2*n - 34*u = -39*u + 66085. What is the hundreds digit of n?
0
Let t(g) be the third derivative of g**6/120 - g**5/60 - 7*g**4/24 + 13*g**3/3 - g**2. Let b be (-2 + 7 - -5)/2. What is the tens digit of t(b)?
9
Let y(n) be the first derivative of 2*n**5/5 - n**4/4 + n**3/6 + n**2/2 - 19*n - 30. Let i(u) be the first derivative of y(u). What is the tens digit of i(3)?
9
Let b(x) = 43*x**2 + 2*x - 66. What is the thousands digit of b(7)?
2
Let s = 2 + 43. Suppose -14*g = g + s. What is the units digit of ((-8100)/8)/(-5) - g/2?
4
Let g(c) = -268*c - 98. What is the tens digit of g(-19)?
9
Let h(m) = -m**3 - 17*m**2 + 18*m + 2. Let r be h(-18). Let t be 4/2*24/r. Suppose -t = -4*o + 480. What is the units digit of o?
6
Suppose -y - 5 = 0, p + 16*y = 11*y - 35. What is the hundreds digit of (-19654)/(-12) + (p - (-366)/36)?
6
Let t = 2849 + -2874. Suppose -4*o + 192 = 5*b + 6, 0 = -5*o - 3*b + 226. Let u = t + o. What is the tens digit of u?
1
Suppose 108*w + 250 = 103*w. What is the hundreds digit of 0 + 376 - 3/((-30)/w)?
3
Let o(p) = -2*p**3 + p**2 + 54*p - 7. Let t be o(-7). Let u = 587 - t. What is the units digit of u?
7
Let f be (-5)/15 - (-3686)/6. Suppose 0 = -12*n + 4298 - f. What is the hundreds digit of n?
3
Let u(z) = z**3 + 10*z**2 + 8*z + 21. Let y = -312 + 304. What is the tens digit of u(y)?
8
Suppose 0 = 2*o - 3*a - 21, -28*o + 5*a - 22 = -31*o. Suppose 0 = 3*y - o, 6*x = 8*x + 2*y - 222. What is the units digit of x?
8
Suppose 0 = -9*v + 10*v - 4. Suppose -m - v*b = -11, -29 + 8 = -5*m - 3*b. Suppose -j = -2*x + 82, m*x - 82 = -j + 31. What is the units digit of x?
9
Let k(v) = v - 9. Let s be k(11). Suppose -i - 449 = -m, -4*i = -s*m - i + 896. What is the tens digit of m?
5
Let g = -138 + 43. Let m be g*((-36)/20)/3. Let i = m + -50. What is the units digit of i?
7
Suppose -1 = -3*l + 2*l, 4*z - 3*l = -19. Let c(k) = -11*k**3 + 7*k**2 - 6*k + 2. What is the hundreds digit of c(z)?
8
Let s = -2253 - -3904. Let d = -900 + s. What is the tens digit of d?
5
Let n(a) = -a**2 + 9*a + 13. Let m be n(10). Let z(q) = -8 + m*q**2 - 10 + 15 + 2*q**2 + 14*q. What is the units digit of z(-9)?
6
Let f be (-696)/(-15) - ((-16)/(-20))/2. What is the tens digit of ((-332)/10)/(f/(-115))?
8
Let b(w) = 2*w**2 - 17*w - 10. Let h be b(10). Suppose -h*g + 960 = -16*g. What is the tens digit of g?
4
Suppose 42*q - 90295 = 245369. What is the thousands digit of q?
7
Let s = 12529 - 7390. What is the hundreds digit of s?
1
Let m = 23463 - -2167. What is the units digit of m?
0
Suppose -4*o + 2*i + 66804 = -2*o, -2*i = 16. What is the thousands digit of o?
3
Suppose -4*p - 10493 = -u - 0*p, 0 = 4*u - 3*p - 42063. What is the tens digit of u?
2
Let q(y) = -6*y**2 - y + 65. Suppose 6*w - j = 3*w - 4, 3*w + 20 = 5*j. Let g be q(w). Let m = 21 + g. What is the units digit of m?
6
Suppose -1 = -3*p - j, 4*p = -4*j - 13 + 1. Let w(b) = -13*b - p - 2*b**2 - b**3 + 4*